?
-41
Let b(l) = 2*l**2 - 47*l - 145. Determine b(26).
-15
Let j(y) = 2*y**2 - 18*y - 154. Calculate j(-6).
26
Let d(r) = -r**2 + 51*r - 76. Give d(48).
68
Let m(d) = -d**2 - 145*d - 2493. Calculate m(-20).
7
Let v(s) = -s**3 + 23*s**2 - 117*s + 4. What is v(10)?
134
Let b(y) = 2*y**2 - 55*y - 251. Determine b(-8).
317
Let p(l) = 20*l - 272. Give p(12).
-32
Let r(a) = -3*a**2 - 132*a - 261. Give r(-2).
-9
Let l(d) = -d**3 - 12*d**2 - 36. Calculate l(-12).
-36
Let j(u) = u**2 - 70*u + 869. Determine j(17).
-32
Let p(u) = 539*u - 5994. Calculate p(11).
-65
Let v(b) = -418*b - 2039. Calculate v(-5).
51
Let u(j) = -14*j**2 - 82*j - 81. Determine u(-1).
-13
Let g(x) = 1389*x**2 - 8340*x + 6. Determine g(6).
-30
Let a(v) = 33*v**2 + 56*v + 6. Give a(-2).
26
Let l(v) = v**2 + 7*v + 9. Determine l(-10).
39
Let h(i) = -i**3 - 25*i**2 - 22*i - 67. Calculate h(-24).
-115
Let p(k) = k**2 - 8*k - 40. What is p(18)?
140
Let k(w) = -w**2 - 52*w - 187. What is k(-38)?
345
Let n(q) = -11*q**2 - 683*q - 1. What is n(0)?
-1
Let l(h) = -h**3 - 9*h**2 + 69*h + 417. Calculate l(-5).
-28
Let h(v) = 3*v**3 + 33*v**2 + 39*v + 70. Calculate h(-10).
-20
Let o(c) = -2*c**2 + 317*c - 10087. Give o(44).
-11
Let v(n) = n**3 - 94*n**2 - 107*n + 1089. What is v(95)?
-51
Let g(k) = 76*k - 4406. What is g(58)?
2
Let q(d) = -45*d - 991. Calculate q(-22).
-1
Let f(w) = 9*w**2 + 299*w - 1204. What is f(4)?
136
Let x(o) = -o**2 + 102*o + 2581. Determine x(123).
-2
Let z(m) = m**3 - 27*m**2 + 47*m - 609. Determine z(26).
-63
Let b(l) = -l**3 - 4*l**2 + 30*l - 66. What is b(3)?
-39
Let d(i) = 31*i - 128. Give d(4).
-4
Let f(m) = m**2 + 468*m - 2. Determine f(0).
-2
Let q(c) = -38*c + 7. Give q(2).
-69
Let a(o) = -4103*o + 20519. Give a(5).
4
Let b(k) = 56*k + 69. Calculate b(7).
461
Let x(c) = -55*c - 145. Give x(-13).
570
Let g(p) = 3*p**2 + 175*p + 231. What is g(-57)?
3
Let q(p) = -3*p**2 + 133*p + 62. Give q(45).
-28
Let v(k) = -44*k - 304. Calculate v(-7).
4
Let f(t) = 30*t + 704. Determine f(-20).
104
Let i(t) = -t**2 + 20*t - 187. Calculate i(9).
-88
Let f(y) = -179*y - 2539. Determine f(-14).
-33
Let r(d) = 46*d - 1549. Calculate r(39).
245
Let v(x) = 175*x + 9800. Give v(-56).
0
Let w(h) = 4*h**3 - 256*h**2 - 261*h + 59. Give w(65).
-6
Let g(o) = -o**3 + 19*o - 9. Give g(-4).
-21
Let n(t) = -t**3 - 6*t**2 + 4*t + 1. Determine n(1).
-2
Let u(y) = -y**3 - 19*y**2 - 79*y - 34. Determine u(-5).
11
Let o(x) = -5*x**3 + 26*x**2 + 41*x + 166. What is o(7)?
12
Let y(g) = -68*g + 326. Determine y(5).
-14
Let y(q) = q**3 + 44*q**2 - 97*q + 93. Determine y(-46).
323
Let h(x) = x**2 + 113*x + 1032. Determine h(-103).
2
Let g(p) = p**3 + 125*p**2 + 252*p + 745. Determine g(-123).
7
Let n(p) = p**3 - 10*p**2 + 65*p - 266. Calculate n(6).
-20
Let f(p) = -9*p**3 + 8*p**2 - 32*p - 11. Give f(3).
-278
Let n(x) = 2*x**3 - 12*x**2 - 75*x + 371. What is n(8)?
27
Let x(k) = 6*k**2 - 375*k + 1221. Determine x(59).
-18
Let l(m) = m**3 - 151*m**2 + 325*m - 4037. Give l(149).
-14
Let n(q) = -q**3 - 5*q**2 + 8*q - 15. What is n(-5)?
-55
Let h(z) = z**2 + 328*z + 329. Calculate h(-1).
2
Let v(f) = f**2 - 27*f - 45. Give v(27).
-45
Let g(k) = 11*k - 335. Determine g(23).
-82
Let w(l) = l**3 - 6*l - 329. Give w(0).
-329
Let d(b) = 3*b**3 + 493*b**2 - 335*b - 836. What is d(-165)?
-11
Let k(p) = -p**2 - 329*p - 2935. Give k(-9).
-55
Let z(x) = -110*x**2 + 8029*x + 88. Give z(73).
15
Let w(c) = -17*c + 49. What is w(7)?
-70
Let c(z) = 608*z - 6058. Give c(10).
22
Let q(x) = -2*x**2 - 67*x + 192. What is q(3)?
-27
Let l(c) = -c**2 + 54*c - 562. Determine l(39).
23
Let m(k) = 2*k**2 + 204*k + 1849. What is m(-92)?
9
Let t(u) = 2*u**3 + 34*u**2 + 3*u + 46. Calculate t(-17).
-5
Let g(d) = d**3 + 68*d**2 - 207*d + 440. What is g(-71)?
14
Let s(y) = y**3 + 16*y**2 + 46*y - 115. Give s(-7).
4
Let b(j) = -258*j + 780. What is b(3)?
6
Let g(f) = -49*f + 3942. Give g(78).
120
Let y(c) = -24*c - 222. Calculate y(-7).
-54
Let q(t) = -5*t**2 + 284*t + 1200. Determine q(-4).
-16
Let i(u) = -3*u**3 - 10*u**2 - 19*u + 14. Determine i(-6).
416
Let p(b) = 6*b**2 - 247*b + 498. Determine p(39).
-9
Let d(b) = -345*b + 465. Calculate d(2).
-225
Let s(w) = 3*w**3 - w**2 - 6*w - 3. Determine s(-2).
-19
Let r(x) = -246*x**2 - 3442*x + 33. Give r(-14).
5
Let n(l) = 18863*l + 18861. What is n(-1)?
-2
Let l(t) = -t**3 - 29*t**2 + t + 34. Determine l(-29).
5
Let i(h) = 21*h + 408. What is i(-14)?
114
Let s(y) = 4*y - 170. What is s(38)?
-18
Let t(k) = 18*k + 705. What is t(-35)?
75
Let i(d) = -2*d**3 - d**2 + 35*d - 5. Calculate i(5).
-105
Let c(m) = 171*m - 847. Determine c(5).
8
Let l(f) = 52*f - 26. Determine l(0).
-26
Let h(p) = -2*p**2 + 131*p - 975. What is h(8)?
-55
Let i(k) = -k**3 + 77*k**2 - 149*k - 77. Calculate i(75).
-2
Let m(p) = -3*p - 4. What is m(40)?
-124
Let v(a) = -21*a**2 + 132*a - 392. Calculate v(3).
-185
Let k(w) = -17*w**2 + 32*w - 83. Give k(3).
-140
Let f(p) = 3*p**2 - 150*p + 1017. Calculate f(8).
9
Let m(l) = l**3 + 5*l**2 - 258*l - 1702. What is m(-7)?
6
Let a(g) = -118*g + 6050. What is a(51)?
32
Let u(d) = -d**2 + 14*d - 31. Determine u(0).
-31
Let q(a) = a**3 + 13*a**2 - 143*a + 10. Determine q(-20).
70
Let r(g) = -152*g**3 - 153*g**2 + 7*g + 5. Determine r(-1).
-3
Let v(f) = -58*f + 151. Determine v(3).
-23
Let u(p) = -p**2 - 38*p - 301. Calculate u(-7).
-84
Let c(o) = 5275*o - 10542. What is c(2)?
8
Let p(y) = 3*y**2 + 24*y + 6. What is p(-10)?
66
Let h(t) = 4*t**2 + 235*t + 392. Determine h(-57).
-7
Let a(g) = 2*g**3 - 21*g**2 + 43*g - 306. Give a(10).
24
Let p(g) = 970*g - 12618. What is p(13)?
-8
Let r(h) = 719*h - 2162. Calculate r(3).
-5
Let j(x) = -3*x - 231. Determine j(-80).
9
Let h(z) = -5694*z - 85415. Calculate h(-15).
-5
Let g(k) = -2*k**2 - 42*k - 108. What is g(-16)?
52
Let j(n) = -2543*n - 20352. Give j(-8).
-8
Let w(s) = -8*s**2 - s + 20. Give w(-7).
-365
Let f(a) = 170*a**3 + 4*a**2 - 4*a - 1. Determine f(1).
169
Let n(i) = 33*i - 3342. What is n(101)?
-9
Let w(g) = -6*g + 27. Determine w(2).
15
Let a(r) = -r**3 + 17*r**2 - 61*r - 58. What is a(10)?
32
Let d(h) = 57*h**2 + 627*h - 1. Determine d(-11).
-1
Let f(s) = -36*s - 3067. Determine f(-85).
-7
Let z(c) = 84*c**2 + 42*c + 86. Give z(-2).
338
Let f(z) = z**3 + 13*z**2 + 16*z + 30. What is f(-10)?
170
Let n(y) = 17*y - 4. Determine n(-9).
-157
Let t(h) = 3*h**3 + 23*h**2 + 3*h + 16. Give t(-9).
-335
Let l(m) = -m**3 + 19*m**2 - 36*m + 18. What is l(17)?
-16
Let w(i) = -i**2 - 25*i - 52. Determine w(-25).
-52
Let t(i) = -4626*i - 9257. What is t(-2)?
-5
Let n(k) = -k**3 - 21*k**2 - 114*k - 40. Calculate n(-10).
0
Let h(o) = -2*o**3 + 15*o**2 - 13*o - 12. Determine h(6).
18
Let m(c) = c**3 - 84*c**2 + 168*c - 328. Determine m(82).
0
Let s(z) = z**3 - 20*z**2 - 5*z - 64. What is s(20)?
-164
Let p(z) = 1077*z - 7576. Give p(7).
-37
Let m(p) = p**3 - 27*p**2 - 5*p + 248. What is m(27)?
113
Let d(i) = i**3 + 2*i**2 - 24*i - 16. Calculate d(8).
432
Let b(l) = l**2 + 16*l + 107. Give b(-11).
52
Let b(y) = 9*y**2 + 189*y + 682. Determine b(-5).
-38
Let m(a) = a**2 - 33*a + 179. What is m(46)?
777
Let b(w) = -3*w**2 - 62*w - 300. Calculate b(-13).
-1
Let x(g) = 26*g + 307. Give x(-15).
-83
Let i(p) = 9*p**3 - p**2 - 10*p - 12. Give i(2).
36
Let b(h) = -h**3 + 45*h**2 + 34*h + 29. Give b(46).
-523
Let h(l) = 3*l**2 - 178*l + 77. Determine h(59).
18
Let r(y) = -55*y + 5427. Determine r(99).
-18
Let b(h) = -h**3 + 40*h**2 + 37*h + 298. Calculate b(41).
134
Let a(b) = b**3 - 22*b**2 + 18*b + 62. Give a(21).
-1
Let n(d) = 2*d**3 - 229*d**2 + 109*d + 586. Determine n(114).
16
Let l(h) = -100*h + 2107. Calculate l(21).
7
Let j(y) = y**3 + 47*y**2 - 337*y - 11716. What is j(-49)?
-5
Let f(u) = -6*u**3 - 454*u**2 + 178*u + 1970. Give f(-76).
-6
Let w(z) = 4*z**3 + 186*z**2 - 92*z + 92. Calculate w(-47).
-2
Let z(w) = 728*w - 459. Determine z(2).
997
Let u(q) = 2*q**3 - 44*q**2 + 42*q - 39. Determine u(21).
-39
Let b(a) = -112*a**2 + 1007*a + 22. Calculate b(9).
13
Let m(z) = 99*z + 728. Determine m(-8).
-64
Let a(o) = 109*o - 5994. Determine a(55).
1
Let h(n) = 3*n**2 + 14*n - 56. What is h(7)?
189
Let c(p) = 26*p + 693. Calculate c(-28).
-35
Let p(x) = -x**3 - 30*x**2 + 94*x - 171. Determine p(-33).
-6
Let b(r) = 3*r**3 + 21*r**2 - r - 1. Wha